te the remainder when b is divided by p.
0
Let z = -10 + 20. Let l(d) = d - 6. Let o be l(z). What is the remainder when o/10 + 113/5 is divided by 8?
7
Let u(y) = 8*y - 1. Let w = 411 + -392. Calculate the remainder when w is divided by u(1).
5
Suppose 0*r - 8*r + 240 = 0. What is the remainder when 107 is divided by r?
17
What is the remainder when (-160 - -145)/((-1)/1) is divided by (3/2)/((-2)/(-12))?
6
Let r(z) = -59*z - 473. Calculate the remainder when r(-10) is divided by 30.
27
Let z(m) = -12*m**3 + m**2 - 11*m - 20. Calculate the remainder when z(-2) is divided by 34.
0
Let l(x) = 4 - 8 - 6 - 7*x - 3. Let b(o) = -15*o - 25. Let t(y) = 3*b(y) - 5*l(y). Calculate the remainder when t(-5) is divided by 21.
19
Let f(k) = k**3 + 4*k**2 - 4*k - 4. Let h be f(-4). What is the remainder when h/3 + 25 - -1 is divided by 8?
6
Suppose 0 = -3*x, -3*x - 1565 = 39*g - 44*g. What is the remainder when g is divided by 7?
5
Suppose 0 = -3*m + 3, g + 5*m = -3*g + 149. Suppose g = -6*j + 9*j. Calculate the remainder when 21 is divided by j.
9
Let d = -17 + 19. Suppose 2*u - 36 = -d*u. Calculate the remainder when u is divided by 5 + (3 + -7)/4.
1
Let v(a) = -3*a + 7. Let u(i) = i + 21. Let x be u(-21). Calculate the remainder when 12 is divided by v(x).
5
Let v(j) = 19*j - 59. Calculate the remainder when 144 is divided by v(7).
70
What is the remainder when 92 is divided by -16*(14 + -10)/(-4)?
12
Let a(o) = 4*o + 73. Calculate the remainder when 164 is divided by a(-13).
17
Let g = -637 + 659. What is the remainder when 133 is divided by g?
1
Suppose 58*i - 38 + 444 = 0. Suppose 0 = 3*y - 2*y + 10. Let x = i - y. Calculate the remainder when 3 is divided by x.
0
Suppose 5*g = 344 + 216. What is the remainder when g is divided by 24?
16
Suppose -3*y + 44 = -7. Let d(q) = 15*q**2 + 2*q + 5. Let z(x) = -8*x**2 - x - 2. Let l(k) = -4*d(k) - 9*z(k). What is the remainder when y is divided by l(-1)?
8
Let f(n) = -n**2 + 40*n - 92. Suppose -m + 1 = 0, 3*w + 0*m - 5*m = 7. What is the remainder when f(37) is divided by w?
3
Let t = -118 + 138. What is the remainder when 57 is divided by t?
17
Let a(o) = -o**3 + 6*o**2 - 8*o + 7. Calculate the remainder when 21 is divided by a(3).
1
Suppose 11*n - 17*n = -252. Suppose -m + 10 = 3*o, -m = 2*o + 9 - 23. What is the remainder when n is divided by m?
20
Let h(c) = -11*c - 16. Let f(r) = -21*r - 31. Let a(k) = 3*f(k) - 5*h(k). Calculate the remainder when a(-7) is divided by 17.
9
Suppose 4*y = -0*y + 136. Calculate the remainder when y is divided by (-8)/28 - ((-321)/21 - -2).
8
Let y(x) be the first derivative of x**4/24 - 7*x**2/2 + 1. Let p(g) be the second derivative of y(g). Calculate the remainder when 32 is divided by p(11).
10
Let w(o) be the first derivative of -o**4/4 - 11*o**2/2 + o + 29. Calculate the remainder when w(-5) is divided by 37.
33
Suppose -2*f - 6*t = -3*t - 1421, 5 = -5*t. Calculate the remainder when f is divided by 21.
19
Let y(g) = 3*g + 18 + g**2 + 2 - 4*g. Let p = 1 - 1. What is the remainder when 39 is divided by y(p)?
19
Suppose -66 = -3*t - 2*w + 1, -2*t + 38 = -2*w. Let a(k) = -4 - 3*k**2 - 9*k + 32 + k**3 + 12*k**2 - 6. What is the remainder when t is divided by a(-10)?
9
Suppose 2*z = 5*m - 21, 5*m - 2*m - 13 = z. Suppose -2*g + z*b - 5 = -7, 3*g = -b + 7. What is the remainder when 5 is divided by g?
1
Let n = 123 - 208. Let p = n - -110. What is the remainder when 47 is divided by p?
22
Let p = 216 - 148. Suppose v - c - 125 = -103, -4*v + 2*c + 80 = 0. Calculate the remainder when p is divided by v.
14
Suppose 6*s = 4*s + 72. Suppose 5*a = -0*v + 3*v - 40, -3*v = 0. Let r(o) = o**3 + 7*o**2 - 9*o + 11. Calculate the remainder when s is divided by r(a).
17
Suppose 154 = 2*l - 22. What is the remainder when l is divided by 18?
16
Suppose 0 = 2*a - 13 - 11. Let b(t) = t + 6. Let x be b(-6). Suppose x*h = -y + 3*h + 38, -2*y + 71 = -h. Calculate the remainder when y is divided by a.
11
Let z(d) be the first derivative of d**2 + 39*d - 17. What is the remainder when z(-8) is divided by 13?
10
Suppose 0 = 4*l - 82 - 18. Suppose 3*y + q - 285 = -101, 5*q = -l. Calculate the remainder when y is divided by 16.
15
Let x = 30 + -14. Let f be -3 - -3 - (1 + -1). Let t = f + x. Calculate the remainder when 46 is divided by t.
14
Let d(h) = -2*h**3 - 9*h**2. Calculate the remainder when 224 is divided by d(-5).
24
Let k(j) = j**3 - 4*j**2 - 3*j - 8. Let c be k(5). Suppose c*t = 12 + 34. Calculate the remainder when 43 is divided by t.
20
What is the remainder when 122 is divided by 4/(5/(-5)) - (-52)/2?
12
Suppose 7*m = -12 - 37. Let d be -2*14 - (1 - 1). Let q = m - d. What is the remainder when q is divided by 8?
5
Let a = 5 + -3. Suppose 189 = a*k - 5*v, 0 = -3*v - 10 - 5. Calculate the remainder when k is divided by -10 + 186*(-13)/(-78).
19
Let h = 2 - -1. What is the remainder when (-1771)/(-207) - 4/(-9) is divided by h?
0
Let a be (-1)/(-4) - (-7)/(-28). Suppose -5*m + 14 - 4 = a. Suppose 11 - 5 = m*g. What is the remainder when 9 is divided by g?
0
Calculate the remainder when 80 is divided by -4 - (-29 + -2 - -5).
14
Suppose r + 17 = -0*t + 3*t, -2*r - 22 = -4*t. Calculate the remainder when 116 is divided by t.
2
Suppose 5*u - 13 = -4*z, -z + 9 = 3*z + u. Suppose 2*b + z = 16. Suppose 0 = 3*d - b*d + 28. Calculate the remainder when 27 is divided by d.
6
Suppose 2*o - 7*o - 62 = -4*h, -h + 12 = -o. Let t = 19 - 10. Calculate the remainder when (-6)/o - (-2864)/112 is divided by t.
8
Let z = -18 - -18. Let a be (32/4)/((-2)/(-25)). Suppose z = u - 3*u + a. Calculate the remainder when u is divided by 13.
11
Let t(r) = 21*r - 31. Let a be t(9). Suppose 2*q = 2*m - 102, -3*m - 5*q + a = -3*q. Calculate the remainder when m is divided by 14.
10
Suppose 8*h - 276 = -164. Calculate the remainder when 25 is divided by h.
11
Let i = 41 - 23. Let s = i - 12. Calculate the remainder when 32 is divided by s.
2
Let h = 29 + 6. Suppose -5*r = -r - 60. What is the remainder when (258/15)/(14/h) is divided by r?
13
Let w(c) = -44*c - 240. Calculate the remainder when w(-11) is divided by 35.
34
Let a = -212 + 285. Calculate the remainder when a is divided by 25.
23
Calculate the remainder when 146/876 + 635/6 is divided by 61.
45
Let h(x) = -x**3 + 12*x**2 - 23*x - 12. Let p = 9 + 36. Suppose 3*f = 2*f + p. Calculate the remainder when f is divided by h(9).
21
Let f = 24 + 6. Let p = 37 - 26. Calculate the remainder when f is divided by p.
8
Suppose -24*b = -19*b - 170. Suppose 3*n - b = 4*q, q + 0 = -1. What is the remainder when 27 is divided by n?
7
Let k = -26 - -19. Let a = k - 2. What is the remainder when ((-2)/(-1))/(a/(-234)) is divided by 18?
16
Suppose 2*n = -2*d + 118, 5*d - 2*n - 2*n - 295 = 0. Calculate the remainder when 410 is divided by d.
56
Let z = -125 + 126. Let f(b) = -b + 2. What is the remainder when f(-2) is divided by z?
0
Let n be (-3 - -4)/(1/(-203)). Let d = -135 - n. Let p(v) = 2*v**2 + v - 1. Calculate the remainder when d is divided by p(-3).
12
Let x be 4 + 4/(-10) + (-2)/(-5). Calculate the remainder when 105 + ((-2)/3)/(x/(-24)) is divided by 14.
11
Suppose 5*x + 2*s - 490 = 0, 6*x - 5*x - s = 105. What is the remainder when x is divided by 46?
8
Let s = 22 + 28. Calculate the remainder when s is divided by 26.
24
Suppose 60*j = 17*j + 2322. What is the remainder when j is divided by 14?
12
Let m(c) = -c**2 - 3*c + 4. Let u = -8 - -4. Let l be m(u). Let w(s) = s + 3. What is the remainder when 11 is divided by w(l)?
2
Let m(l) = -13*l - 47. What is the remainder when 523 is divided by m(-7)?
39
Let i = -1402 + 1950. What is the remainder when i is divided by 55?
53
What is the remainder when 192 is divided by 1645/25 - (2 + (-33)/15)?
60
Let l(c) = -2 - 20 - c**3 + 5*c**2 + 20*c + 12*c**2 + 4. Calculate the remainder when l(18) is divided by 10.
8
Let i(t) = 4*t + 1. Suppose -3*g = 3*p - 24, 3 = -p - 3*g + 9. What is the remainder when i(p) is divided by 10?
7
Let j(d) = -d**3 + 4*d**2 + 12*d - 6. Let l be j(6). Let p = 10 + l. What is the remainder when p is divided by 4?
0
Suppose -4*d - 2*z + 42 + 78 = 0, -2*z = -4. Calculate the remainder when 141 is divided by d.
25
Let l = 394 - 381. Calculate the remainder when 17 is divided by l.
4
Suppose 4*d 